hat is the greatest common divisor of 59 and 177?
59
Calculate the greatest common factor of 2392 and 69.
23
What is the highest common divisor of 533 and 8036?
41
Calculate the highest common divisor of 91 and 28.
7
Calculate the highest common factor of 37 and 1369.
37
Calculate the greatest common factor of 135 and 1935.
45
Calculate the greatest common divisor of 1386 and 385.
77
Calculate the greatest common divisor of 126 and 112.
14
What is the greatest common divisor of 476 and 136?
68
What is the greatest common factor of 13 and 897?
13
What is the highest common factor of 169 and 13?
13
What is the highest common factor of 249 and 3?
3
Calculate the greatest common factor of 864 and 324.
108
What is the highest common factor of 5617 and 137?
137
Calculate the highest common divisor of 858 and 33.
33
Calculate the highest common divisor of 29 and 10411.
29
Calculate the greatest common factor of 52 and 325.
13
What is the highest common divisor of 410 and 5?
5
Calculate the highest common divisor of 216 and 16.
8
What is the highest common factor of 6075 and 1125?
225
What is the greatest common factor of 116 and 290?
58
What is the highest common divisor of 3456 and 108?
108
Calculate the greatest common factor of 66 and 8382.
66
Calculate the highest common divisor of 56 and 8792.
56
Calculate the greatest common factor of 25 and 2825.
25
What is the highest common divisor of 20 and 820?
20
What is the greatest common factor of 203 and 5916?
29
What is the highest common divisor of 25 and 1025?
25
What is the greatest common divisor of 16 and 208?
16
Calculate the highest common factor of 12 and 60.
12
What is the highest common divisor of 18 and 66?
6
Calculate the greatest common divisor of 126 and 9387.
63
What is the greatest common divisor of 119 and 136?
17
What is the greatest common divisor of 268 and 1139?
67
What is the greatest common divisor of 406 and 58?
58
What is the highest common factor of 106 and 2?
2
Calculate the highest common divisor of 84677 and 293.
293
Calculate the greatest common divisor of 960 and 510.
30
What is the greatest common factor of 451 and 11?
11
Calculate the greatest common factor of 1114 and 2.
2
Calculate the greatest common factor of 54468 and 356.
356
Calculate the greatest common factor of 117 and 507.
39
What is the greatest common divisor of 2 and 9700?
2
What is the highest common divisor of 979 and 143?
11
Calculate the highest common factor of 64 and 91360.
32
What is the greatest common divisor of 22 and 2354?
22
What is the greatest common factor of 35 and 13615?
35
Calculate the greatest common divisor of 152 and 77824.
152
What is the greatest common factor of 11 and 11?
11
Calculate the highest common factor of 255 and 600.
15
What is the highest common divisor of 190 and 665?
95
Calculate the greatest common divisor of 13 and 89791.
13
Calculate the highest common divisor of 1666 and 98.
98
Calculate the greatest common divisor of 13 and 351.
13
What is the highest common divisor of 4061 and 31?
31
Calculate the greatest common divisor of 108 and 12.
12
What is the highest common factor of 54 and 297?
27
Calculate the greatest common factor of 1575 and 4275.
225
Calculate the greatest common divisor of 4407 and 117.
39
What is the greatest common factor of 301 and 189?
7
What is the greatest common divisor of 1600 and 8?
8
Calculate the greatest common factor of 378 and 54.
54
What is the greatest common divisor of 12 and 15324?
12
What is the greatest common divisor of 48 and 1968?
48
Calculate the greatest common divisor of 78 and 3822.
78
Calculate the greatest common factor of 126 and 1476.
18
Calculate the highest common divisor of 28 and 98.
14
Calculate the highest common divisor of 22 and 22.
22
Calculate the highest common factor of 88 and 72.
8
What is the highest common factor of 32 and 16?
16
What is the greatest common factor of 20 and 1244?
4
What is the greatest common divisor of 2085 and 15?
15
Calculate the highest common factor of 666 and 20313.
333
Calculate the highest common divisor of 1 and 43.
1
Calculate the highest common divisor of 600 and 264.
24
What is the highest common factor of 10 and 255?
5
Calculate the highest common divisor of 981 and 9.
9
What is the highest common factor of 1280 and 40?
40
Calculate the greatest common factor of 67 and 17.
1
Calculate the greatest common divisor of 2090 and 76.
38
Calculate the highest common divisor of 198 and 12606.
66
What is the greatest common factor of 361 and 57?
19
What is the highest common divisor of 8 and 22?
2
Calculate the greatest common divisor of 48 and 42.
6
Calculate the greatest common factor of 48 and 1504.
16
What is the highest common factor of 96 and 41712?
48
Calculate the highest common factor of 697 and 17.
17
What is the highest common divisor of 78 and 8736?
78
What is the highest common divisor of 16 and 1024?
16
What is the highest common factor of 3082 and 268?
134
What is the greatest common factor of 17 and 1921?
17
What is the greatest common factor of 11 and 1639?
11
Calculate the greatest common factor of 161 and 23.
23
What is the highest common divisor of 16 and 5328?
16
What is the greatest common divisor of 80 and 500?
20
Calculate the greatest common divisor of 32450 and 236.
118
Calculate the highest common factor of 106 and 64.
2
What is the greatest common factor of 75 and 39375?
75
Calculate the greatest common divisor of 34 and 544.
34
What is the greatest common divisor of 565 and 113?
113
Calculate the highest common divisor of 5600 and 2200.
200
Calculate the highest common divisor of 104 and 1508.
52
Calculate the highest common factor of 37 and 37.
37
Calculate the highest common divisor of 10754 and 76.
38
What is the highest common factor of 2 and 1982?
2
Calculate the greatest common divisor of 1989 and 1053.
117
What is the highest common divisor of 49 and 4655?
49
What is the greatest common divisor of 6736 and 16?
16
Calculate the greatest common factor of 15237 and 3.
3
What is the greatest common divisor of 435 and 150?
15
What is the highest common factor of 30 and 540?
30
What is the highest common factor of 30 and 294?
6
Calculate the greatest common divisor of 5664 and 177.
177
What is the highest common divisor of 16849 and 58?
29
Calculate the greatest common divisor of 117 and 819.
117
Calculate the highest common divisor of 462 and 66.
66
Calculate the greatest common factor of 2880 and 45.
45
What is the highest common divisor of 4270 and 61?
61
Calculate the greatest common divisor of 4371 and 188.
47
What is the highest common factor of 108 and 81?
27
Calculate the highest common divisor of 29 and 161.
1
Calculate the greatest common factor of 91 and 143.
13
Calculate the highest common divisor of 748 and 34.
34
Calculate the greatest common factor of 93 and 1581.
93
Calculate the highest common factor of 7 and 2359.
7
Calculate the greatest common divisor of 84 and 4326.
42
Calculate the highest common factor of 7458 and 66.
66
Calculate the greatest common divisor of 2354 and 107.
107
What is the highest common factor of 65 and 1209?
13
Calculate the greatest common divisor of 56 and 952.
56
What is the greatest common factor of 207 and 276?
69
Calculate the greatest common factor of 21 and 119.
7
What is the greatest common divisor of 39 and 819?
39
Calculate the greatest common factor of 17 and 544.
17
Calculate the highest common factor of 27 and 15966.
9
What is the greatest common factor of 432 and 3402?
54
What is the greatest common divisor of 24 and 108?
12
What is the highest common divisor of 177 and 14219?
59
Calculate the highest common divisor of 71 and 639.
71
Calculate the greatest common factor of 120 and 13290.
30
Calculate the highest common factor of 636 and 24.
12
Calculate the greatest common factor of 14915 and 95.
95
Calculate the greatest common factor of 120 and 3660.
60
Calculate the highest common factor of 816 and 170.
34
Calculate the highest common divisor of 80 and 1340.
20
Calculate the highest common divisor of 108 and 84.
12
What is the highest common factor of 21 and 5?
1
Calculate the highest common factor of 2050 and 250.
50
Calculate the greatest common factor of 184 and 8878.
46
Calculate th